 = 3*r + 7. List the prime factors of d.
2
Let d = -28 + 57. What are the prime factors of d?
29
Suppose 2*t + 2 - 14 = 0. List the prime factors of t.
2, 3
List the prime factors of 4/(-6)*(-846)/12.
47
Suppose -2*k - k = -5*a + 5, 0 = a + 4*k - 24. Suppose 0 = y + r - 10, 3*y + r + a*r - 34 = 0. List the prime factors of y.
2
Let c(x) = -40*x + 21. List the prime factors of c(-3).
3, 47
Suppose 5*y + 5*m - 25 = 0, 10 = 2*y - 0*y - 3*m. What are the prime factors of y?
5
Suppose -g = 0, 2*m + 0 = -5*g + 4. Suppose -5*o + 12 = j, -m*o - 4*j = o - 14. What are the prime factors of o?
2
Let t(i) = i**3 - 5*i**2 - i + 7. Let l = -13 - -18. Let m be t(l). Suppose 0*h = q + 4*h + 4, -4*q + 38 = -m*h. List the prime factors of q.
2
Suppose 2*o - 59 = -5*n, 3*n = 3*o + 1 - 58. Suppose 0 = m + 1 - o. What are the prime factors of m?
3, 7
Let t be 39/(-2)*(-12)/9. Suppose 2*p + 8 = t. List the prime factors of p.
3
Let p be ((-6)/2 - -3) + 2. Suppose p*t - 17 = t. List the prime factors of t.
17
Suppose 0 = 10*u - 574 - 116. List the prime factors of u.
3, 23
Let f(p) = 11*p - 19. List the prime factors of f(4).
5
Let j(n) = -n**3 - n**2 + 10. Suppose m + 5*l - 2*l - 4 = 0, 8 = 4*l. Let i be (0/m)/(1 - 0). What are the prime factors of j(i)?
2, 5
Let i(o) = 2*o - 3. Let h be i(-6). Let p = -9 - h. What are the prime factors of p?
2, 3
Let m(h) = 0 + 4 - 2 - 11*h - 3. What are the prime factors of m(-4)?
43
Let a(n) = -n**3 - 3*n**2 - 2*n. Let u be a(-2). Suppose -60 = 3*q - 8*q. Let w = q - u. List the prime factors of w.
2, 3
Let w = 218 + -119. What are the prime factors of w?
3, 11
Let x = 121 + -73. List the prime factors of x.
2, 3
Suppose 4*w - 5*w + 14 = 0. Suppose 2*p + w = 4*p. List the prime factors of p.
7
Suppose -5*g - a + 1 - 6 = 0, -5 = -a. List the prime factors of (-3)/(g*12/376).
47
Let p(c) = c**3 - 5*c**2 - 4*c - 8. Let k be p(6). Suppose 0 = k*n - 3*n - 8. What are the prime factors of n?
2
Suppose -332 = -5*q - 92. What are the prime factors of q?
2, 3
Let y = -24 - -40. List the prime factors of y.
2
Let o(v) = -v**3 + 7*v**2 + 3. Let m(b) = -b**3 + 3*b**2 + 6*b - 1. Let k be m(4). List the prime factors of o(k).
3
Let h be (-2)/4*(-36 - 10). Suppose 56 = -3*t + 17. Let j = h + t. What are the prime factors of j?
2, 5
Let j be 36/(-3) + (2 - 0). What are the prime factors of (-39)/(-15) - 4/j?
3
Let g(z) = z**2 - 3*z + 288. What are the prime factors of g(0)?
2, 3
Let p = -1 + 3. Suppose -4*y = -p + 6. List the prime factors of y/(-3)*(4 - -8).
2
Suppose m + 8 = 2*o + 2, 15 = 2*m + 5*o. Suppose m = -3*p + 2*p - 4. Let s(c) = c**3 + 6*c**2 + 5*c - 4. What are the prime factors of s(p)?
2
Let j = 8 - 4. Let x(b) = -b + 4. Let p be x(3). Let t = j - p. What are the prime factors of t?
3
Let x = 2 - -27. Suppose 4*g - x = -13. List the prime factors of g.
2
Let m(d) = d. Let l(q) = -q + 1. Suppose -2 = 2*r - 8. Let b(v) = r*l(v) - m(v). List the prime factors of b(-4).
19
Let c = -12 - -16. Let n = c - -6. List the prime factors of n.
2, 5
Suppose 0*l + 10 = 2*l, -d + 29 = 5*l. Suppose -d*v = v. Suppose -4*j + 35 + 1 = v. What are the prime factors of j?
3
Suppose -2*t + 3 = t. Let w be ((-8)/12)/(t/(-3)). List the prime factors of 9 - (w + 0 - 2).
3
Let r = -5 - -6. Suppose m + r = 5. What are the prime factors of m?
2
Suppose 3*f + 6 = -0*f. Let x be (f/(-4))/((-1)/(-2)). What are the prime factors of -9*x*(-4)/3?
2, 3
Let z(x) = 8*x**3 + 32*x**2 - 5*x + 3. Let y(m) = 3*m**3 + 11*m**2 - 2*m + 1. Let c(a) = -11*y(a) + 4*z(a). List the prime factors of c(7).
3, 5
Let a(y) = y**3 + 3*y**2 + y + 1. Let n be a(-3). Let t be (-1)/(3/30*n). Let g = 1 + t. What are the prime factors of g?
2, 3
Suppose -m + 48 = 2*m. Suppose m = -s + 3*s. Let h = -2 + s. List the prime factors of h.
2, 3
Suppose 3*n - y = 39, -2*y + 5*y = 9. Suppose 0 = -s + 3*m + n, -m + 10 = -3*s - 5*m. What are the prime factors of s?
2
Let d(t) = -t + 1. Let w be 0 - (1 + -3)*1. Suppose -1 - 7 = w*z. What are the prime factors of d(z)?
5
Let i = -7 - -9. Suppose 12 + 24 = i*u. List the prime factors of u.
2, 3
Let k = 429 - 304. What are the prime factors of k?
5
Let h be 14 + 1 + 2/(-2). Suppose 3*i = -2*c - 10 + 35, i - h = -c. What are the prime factors of 4/(-6) + c/3?
5
Suppose -4*n + 166 = 22. What are the prime factors of n?
2, 3
Let m be (6/(-4))/(3/(-40)). Suppose -3*q = -3*t + 30, 0 = -3*t + 4*q + 8 + 26. Suppose 0 = -2*a + t*a - m. What are the prime factors of a?
5
Let u(s) = 0*s - 3 + s + 2*s - 1. Suppose 28 - 4 = 4*z. What are the prime factors of u(z)?
2, 7
Let k(x) = x**3 + 4*x**2 - x. List the prime factors of k(-4).
2
Let y(r) = -3*r**2 + 2*r + 4. Let a(z) = 4*z**2 - 2*z - 5. Let d(o) = -2*a(o) - 3*y(o). Let f be d(6). Suppose c = f - 4. What are the prime factors of c?
2, 3
Let j = -87 + 112. List the prime factors of j.
5
Let t(o) = -o**3 + 15*o**2 - 13*o - 27. What are the prime factors of t(13)?
2, 71
What are the prime factors of ((-26)/65)/((-2)/10)?
2
Let z = 18 - 36. Suppose 2*b + 7 = 3, 5*a + 2*b = -9. What are the prime factors of 1*a + z/(-6)?
2
Suppose 0 = 4*l - 4*s + 28, 35 = -5*l - 3*s - 2*s. Suppose -3*x + 0*x = -6. What are the prime factors of (-9)/x*(l - -5)?
3
Let h(f) = 2*f - 4. Let c = -6 - -9. What are the prime factors of h(c)?
2
Let y(u) = -u**3 + u**2 - u - 6. Let d be y(0). Let h = 2 - d. List the prime factors of h.
2
What are the prime factors of ((-2)/4)/(5/1440*-4)?
2, 3
Suppose 12 = -3*t, 27 = 5*d + 2*t + 80. Let b(k) = -7*k - 9. Let s be b(d). Let m = s - 32. List the prime factors of m.
2, 11
Suppose 0 = -s - 8 - 7. Suppose -3*u - 47 = 4*n - 16, 4*n - 2*u = -6. List the prime factors of (40/s)/(n/6).
2
Let t be (-4)/(-10) - 426/15. Let f be (t/6)/(12/(-18)). List the prime factors of 44/f - 2/7.
2, 3
Suppose 2*r - 10 = r. What are the prime factors of r?
2, 5
Suppose 27*j + 42 = 30*j. What are the prime factors of j?
2, 7
Suppose 0 = -v + 3*z + 35, -4*z - 123 = -4*v - 9*z. What are the prime factors of v?
2
Let c(d) = -3*d**2 - 18*d - 5. What are the prime factors of c(-5)?
2, 5
Let c = 4 + -5. Let q = 1 - c. What are the prime factors of q?
2
Let n(a) = a + 10. Let p(h) = -1. Let o(b) = n(b) + 6*p(b). Suppose -l = -4*x + 11, x + 15 = 3*l - 7. What are the prime factors of o(l)?
13
Let v be (12/(-10))/(1/5). Let g be (9/(-6))/(3/v). Suppose g*q - 4 = q. What are the prime factors of q?
2
Let d be -2 + 3 - (1 + -1). Let z be (-2)/(-2) + (-1 - -2). Let h = z + d. What are the prime factors of h?
3
Suppose -4*f + 840 = 256. List the prime factors of f.
2, 73
Let b(i) = 5*i**2 - i**3 + 0*i + 4 + 0*i**2 + i. Suppose -j = -6 + 1. What are the prime factors of b(j)?
3
What are the prime factors of 36/7*14/3?
2, 3
Let v = 6 - 3. Suppose -v*p = -p. Suppose 0 = 4*r - 3*w - 11 - p, 5*w = 4*r - 5. What are the prime factors of r?
5
Let j(l) = -9*l + 5 + 6*l - 12. List the prime factors of j(-6).
11
Let z(j) = 3*j**2 - 2*j - 2. Let o(y) = -y**2 + y + 8. Let c be o(0). Suppose -3*d = d + c. List the prime factors of z(d).
2, 7
Let f be (-34 + (-4 - -4))/(-1). Let i = f - 7. List the prime factors of i.
3
Let t(i) = -i**3 - 7*i**2 - 6*i - 4. Let f be t(-6). Suppose 0 = 7*l - 19 - 30. Let c = l - f. List the prime factors of c.
11
Suppose 4*l - 34 + 8 = -2*h, 2*h = -5*l + 31. Suppose 3 = -2*g - 3, -l*t = -2*g - 16. Suppose t*d + 8 = 4*j, -j + 2*d - 5 = -4. What are the prime factors of j?
3
Suppose o = -3*b + 35, 2*b - b + 5*o = 35. Let i = b - -10. What are the prime factors of i?
2, 5
List the prime factors of (-5)/(-10) + (-194)/(-4).
7
Let v(j) = 29*j**2 + j - 1. List the prime factors of v(1).
29
Let x = 288 - 160. What are the prime factors of x?
2
Suppose 3*b - 5*b - 10 = -3*s, -5*b = -2*s + 25. Let k = 3 + s. Suppose 2*y = k*y - 2. List the prime factors of y.
2
Let x be 0 + -3 - -1 - -7. Suppose 0*o - x = -o. List the prime factors of o.
5
Suppose -107 = -2*m + 2*s + 161, -4*m = 2*s - 566. What are the prime factors of m?
139
Let s = 4 - 1. Suppose -2*h + 33 = -h - 4*f, -4*f = -s*h + 131. Suppose d - 3*v = 4, 5*d + 2*v - h = -12. What are the prime factors of d?
7
Let s be 0/((-1)/(-2 - -1)). Suppose -w - 7 - 5 = s. What are the prime factors of 3/w - 82/(-8)?
2, 5
Let t(h) = 7*h - 2. Suppose -p + 1 = -0*p. What are the p